Determine h(302).
-1
Let m(a) = -119*a + 250. What is m(4)?
-226
Let h(j) = 41*j - 1916. Calculate h(46).
-30
Let k(q) = -4*q**3 - 56*q**2 - 135*q - 29. What is k(-11)?
4
Let o(n) = -12*n - 318. Calculate o(-25).
-18
Let d(p) = -132*p + 72. Determine d(2).
-192
Let c(s) = s**2 + 14*s - 18. Determine c(-5).
-63
Let m(d) = -7*d**3 - 343*d**2 - 16. Determine m(-49).
-16
Let u(z) = 5*z**2 - 22*z + 51. What is u(13)?
610
Let d(l) = l**3 + 37*l**2 + 325*l - 104. Determine d(-22).
6
Let j(i) = -22*i**2 + 264*i - 215. What is j(11)?
27
Let n(d) = 33*d**2 - 187*d - 372. Determine n(-2).
134
Let k(u) = -265*u - 29. What is k(-1)?
236
Let u(f) = 2525*f + 2533. Calculate u(-1).
8
Let s(h) = 2*h**2 + 12*h - 33. Give s(-13).
149
Let c(v) = v**2 - 130*v - 392. What is c(-3)?
7
Let p(u) = u**2 - 211*u - 4181. What is p(-18)?
-59
Let y(x) = 2*x + 10. What is y(-21)?
-32
Let r(u) = 247*u - 1579. What is r(6)?
-97
Let j(m) = -m**2 + 32*m + 700. Give j(43).
227
Let m(h) = 4*h**3 + 2*h**2 + 7*h + 12. Determine m(-2).
-26
Let q(p) = 1987*p - 1895. Give q(1).
92
Let x(a) = -251*a**3 - a**2 - 18*a + 18. What is x(1)?
-252
Let f(z) = 9*z - 87. Determine f(-11).
-186
Let t(p) = p**3 - 37*p**2 + 104*p - 98. Determine t(34).
-30
Let u(h) = -294*h - 2665. Calculate u(-9).
-19
Let d(g) = 16*g + 279. Determine d(-22).
-73
Let f(r) = -1377*r - 5515. What is f(-4)?
-7
Let w(z) = -100*z - 10483. Determine w(-105).
17
Let w(u) = 2713*u - 84108. Give w(31).
-5
Let d(h) = -29*h**2 + 57*h - 236. Calculate d(4).
-472
Let r(u) = -1594*u + 9570. Calculate r(6).
6
Let q(s) = -s**3 + 99*s**2 - 478*s + 759. Calculate q(94).
7
Let h(w) = 2*w**2 - 112*w - 739. Determine h(62).
5
Let b(n) = n**2 - 32*n - 1. What is b(13)?
-248
Let c(b) = -b**3 + 12*b**2 - 20*b - 36. Calculate c(10).
-36
Let z(a) = 12*a + 104. Give z(-6).
32
Let v(o) = 2*o**2 + 261*o + 2390. Calculate v(-10).
-20
Let c(m) = m**3 + 36*m**2 - 31*m + 81. Determine c(-37).
-141
Let h(j) = -2*j - 219. Give h(-54).
-111
Let n(m) = -2*m**3 - 209*m**2 + 534*m - 20. Determine n(-107).
87
Let k(c) = 3*c - 84. Calculate k(-24).
-156
Let g(y) = -33*y**2 + 855*y + 5. What is g(26)?
-73
Let p(z) = z**2 - 10*z - 24. What is p(13)?
15
Let a(n) = -22*n**2 + 88*n - 5. Determine a(4).
-5
Let w(f) = -2*f**3 - 68*f**2 + 75*f + 194. Calculate w(-35).
19
Let c(t) = -18*t - 410. What is c(-17)?
-104
Let h(b) = -29*b - 3017. What is h(-104)?
-1
Let l(d) = -3719*d - 78100. Determine l(-21).
-1
Let l(y) = 10*y**2 - 520*y + 11. Give l(52).
11
Let d(t) = t**3 + t**2 + 5*t. Determine d(0).
0
Let a(w) = -214*w + 109. Give a(-1).
323
Let h(q) = -213*q + 67. Give h(-4).
919
Let x(y) = y**2 + 66*y + 431. Calculate x(-7).
18
Let y(v) = 10*v**3 + 20*v**2 + 19*v - 3. What is y(-1)?
-12
Let u(j) = j**3 - 6*j**2 + 18*j - 59. What is u(7)?
116
Let v(w) = 14*w + 581. Determine v(-40).
21
Let n(h) = -2*h**3 - 12*h**2 - 143*h - 654. What is n(-5)?
11
Let v(o) = 237*o - 3063. Give v(13).
18
Let y(n) = 38*n**2 - 275*n - 816. Give y(-3).
351
Let p(l) = 391*l + 149. Give p(1).
540
Let i(g) = -1433*g - 77370. Determine i(-54).
12
Let t(c) = 469*c - 89. What is t(0)?
-89
Let z(i) = -2*i**3 - 5*i**2 + 8*i + 15. Give z(-6).
219
Let h(m) = -1289*m - 64441. Determine h(-50).
9
Let t(s) = s**3 - 2*s**2 - 154*s - 125. What is t(-11)?
-4
Let l(w) = -3*w**3 + 22*w**2 - 38*w + 5. Give l(3).
8
Let f(t) = -2*t**3 + 48*t**2 + 57*t - 1403. What is f(24)?
-35
Let g(l) = -14322*l - 42968. Give g(-3).
-2
Let v(i) = i**2 + 98*i - 1129. Give v(10).
-49
Let s(k) = -317*k + 3191. What is s(10)?
21
Let y(i) = -133*i**2 - 682*i - 91. Calculate y(-5).
-6
Let q(i) = i**3 - 40*i**2 - 75*i - 71. Calculate q(42).
307
Let g(y) = y**2 - 25*y - 282. Give g(34).
24
Let j(i) = 30*i**2 - 64*i - 3. What is j(2)?
-11
Let o(g) = -g**2 - 21*g - 194. Determine o(-15).
-104
Let x(m) = m**3 - 162*m**2 + 1061*m + 3727. What is x(155)?
7
Let r(s) = -s**3 + 9*s**2 - 11*s - 17. Give r(10).
-227
Let u(c) = c**2 + 16*c - 279. Determine u(11).
18
Let k(v) = v**3 + 3*v**2 + 4*v + 8. Determine k(-3).
-4
Let h(w) = w**3 - 139*w**2 + 533*w + 20. Calculate h(4).
-8
Let c(h) = h**3 - h**2 - 2*h + 76. Give c(0).
76
Let r(w) = 70*w - 2872. Determine r(41).
-2
Let k(f) = -51*f**2 - 14*f - 1. Give k(-1).
-38
Let s(l) = -392*l + 808. What is s(2)?
24
Let p(j) = -3*j**3 - 72*j**2 + 60*j + 90. What is p(-25)?
465
Let j(o) = 656*o**2 - 13777*o + 22. Calculate j(21).
1
Let y(w) = 350*w - 725. Give y(2).
-25
Let h(p) = -p**3 + 3*p**2 + 21*p + 44. Calculate h(-5).
139
Let x(t) = t**3 - 32*t**2 - 99*t - 212. Calculate x(35).
-2
Let r(y) = -2*y**2 - 3*y - 8. Calculate r(6).
-98
Let g(v) = -2*v**2 - 30*v - 126. Determine g(-4).
-38
Let r(g) = -5*g**2 + 359*g - 1916. Give r(66).
-2
Let r(c) = 20*c**2 - 58*c. Give r(3).
6
Let z(d) = -72*d + 774. Give z(11).
-18
Let u(d) = -59*d + 5195. What is u(88)?
3
Let j(c) = 2*c**3 + c**2 + 7*c - 10. Calculate j(3).
74
Let o(a) = 457*a + 5227. Give o(-12).
-257
Let s(w) = w**2 + 8*w + 164. Determine s(-13).
229
Let u(w) = -2*w**3 - 204*w**2 - 2158*w + 16. What is u(-12)?
-8
Let s(w) = 2*w**3 - 7*w**2 + 5*w. Calculate s(3).
6
Let p(u) = -u**3 - 15*u**2 + 17*u - 18. Calculate p(-16).
-34
Let l(n) = n**3 - 18*n**2 - 32*n - 9. Give l(-5).
-424
Let w(m) = -m**3 - 13*m**2 - 15*m - 8. What is w(-12)?
28
Let n(a) = 10*a + 101. What is n(-8)?
21
Let n(o) = o**3 + 12*o**2 + 499*o + 4252. Give n(-9).
4
Let v(y) = -2*y**3 - 28*y**2 + 10*y - 59. Give v(-14).
-199
Let b(r) = -30*r - 231. Calculate b(-7).
-21
Let j(y) = 12*y**3 - 22*y**2 + 39*y + 1. Determine j(2).
87
Let k(v) = -114*v**3 + 343*v**2 + 55*v - 181. Give k(3).
-7
Let a(u) = 610*u - 5437. Calculate a(9).
53
Let l(d) = -108*d - 450. Give l(-4).
-18
Let b(a) = -2*a**2 - 101*a + 2. Determine b(-50).
52
Let r(d) = -571*d + 4574. What is r(8)?
6
Let g(t) = -30*t + 324. Give g(14).
-96
Let m(g) = -463*g + 12002. Give m(26).
-36
Let w(i) = -2*i**3 - 11*i**2 + 8*i - 4. Calculate w(0).
-4
Let b(o) = o**2 + 40*o - 635. What is b(12)?
-11
Let j(x) = 112*x + 1924. Calculate j(-18).
-92
Let c(i) = -i**3 + 18*i**2 - 319*i + 8031. What is c(21)?
9
Let t(k) = 6*k**2 + 121*k + 29. Give t(-21).
134
Let w(q) = -9*q**2 - 33*q + 24. What is w(-7)?
-186
Let r(c) = -5*c**2 + 422*c + 257. Give r(85).
2
Let q(f) = -f**2 - 56*f + 23. Calculate q(0).
23
Let l(m) = -3*m**2 + 71*m - 47. Calculate l(24).
-71
Let h(v) = 2*v + 29. What is h(-12)?
5
Let l(s) = -2*s**3 - 21*s**2 - 12*s + 26. What is l(-10)?
46
Let f(w) = 14*w**2 - 19*w - 34. Give f(-2).
60
Let g(m) = 5*m - 43. Determine g(8).
-3
Let h(q) = -15*q + 22. Give h(4).
-38
Let s(r) = -r**2 - 41*r - 168. What is s(-23)?
246
Let q(l) = -3*l**3 - 16*l**2 - 20*l - 40. What is q(-6)?
152
Let k(x) = -271*x - 3518. Determine k(-13).
5
Let q(z) = -z**2 + 36*z - 356. Calculate q(14).
-48
Let t(h) = -623*h - 599. What is t(-1)?
24
Let c(z) = -6*z**2 + 346*z - 885. Give c(55).
-5
Let t(l) = -17653*l - 194182. Calculate t(-11).
1
Let z(k) = -14*k**2 + 304*k + 72. What is z(22)?
-16
Let o(p) = 47*p**2 + 199*p + 201. Determine o(-1).
49
Let f(m) = -10*m - 36. Calculate f(-30).
264
Let x(l) = 5*l**3 - 40*l**2 - 19*l + 161. Calculate x(8).
9
Let b(m) = m**2 + 17*m + 49. Calculate b(-6).
-17
Let l(j) = 1821*j + 23674. Give l(-13).
1
Let x(g) = g**3 + 11*g**2 + 22*g + 222. Calculate x(-10).
102
Let v(t) = 230*t - 19095. Give v(83).
-5
Let c(j) = 2*j**3 + 15*j**2 + 40*j + 231. Give c(-7).
0
Let w(g) = -65*g - 4419. Calculate w(-68).
1
Let y(t) = -t**2 - 69*t - 288. Give y(-64).
32
Let j(w) = w**2 - 4*w - 16. What is j(7)?
5
Let z(k) = -4030*k - 36268. Calculate z(-9).
2
Let x(l) = 138*l + 3747. Determine x(-27).
21
Let o(s) = 16*s + 149. Give o(-20).
-171
Let m(o) = -12*o - 47. Calculate m(-6).
25
Let n(l) = -2*l**2 + 16*l + 203. What is n(-7)?
-7
Let t(q) = -133*q**2 + 20*q + 16. Determine t(-1).
-137
Let r(j) = 12*j**3 - 3501*j**2 - 878*j + 582. Determine r(292).
-2
Let w(o) = -o**2 - 866*o - 31458. What is w(-38)?
6
Let w(h) = -29*h - 496. Give w(-16).
-32
Let s(w) = -w**2 + 30*w - 4. Give s(5).
121
Let g(q) = 24*q + 103. Calculate g(-8).
-89
Let z(o) = 2*o**2 + 64*o + 63. Give z(-33).
129
Let j(s) = 9*s**2 + 136*s - 71. Determine j(-16).
57
Let l(k) = -39*k + 351. What is l(9)?
0
Let f(w) = w**2 - 37*w - 639. Give f(-13).
11
Let b(m) = 